{"id":1003,"date":"2020-06-16T15:28:07","date_gmt":"2020-06-16T18:28:07","guid":{"rendered":"http:\/\/izzo.com.br\/TEMPSITES\/neutrik\/index.php\/product\/conector-neutrik-nc3faav2-pacote-com-100-pecas\/"},"modified":"2020-06-30T15:59:16","modified_gmt":"2020-06-30T18:59:16","slug":"conector-neutrik-nc3faav2","status":"publish","type":"product","link":"https:\/\/site.izzo.com.br\/neutrik\/produto\/conector-neutrik-nc3faav2\/","title":{"rendered":"CONECTOR NEUTRIK NC3FAAV2"},"content":{"rendered":"<p>C\u00f3d:14862<\/p>\n<p>Conector P10 est\u00e9reo macho de cabo\/linha (TRS), com corpo e contato em metal niquelado, ponta integrada em uma s\u00f3 pe\u00e7a (sem parafuso), design inovador com prensa cabo interno para melhor isolamento e anel de metal com rosca interna para melhor fixa\u00e7\u00e3o da bucha de acabamento para o cabo.<\/p>\n<h2><strong>Caracter\u00edsticas<\/strong><\/h2>\n<ul>\n<li>S\u00e9rie mais econ\u00f4mica<\/li>\n<li>Design de contato tipo &#8220;tulipa&#8221; com alta press\u00e3o de contato para maior durabilidade<\/li>\n<li>Contato banhado a ouro seletivo e \u00e1rea de termina\u00e7\u00e3o de PCB para melhor condutividade e soldabilidade<\/li>\n<\/ul>\n<h2 class=\"headline-three\"><strong>Informa\u00e7\u00f5es T\u00e9cnicas<\/strong><\/h2>\n<table>\n<tbody>\n<tr>\n<td width=\"539\"><span style=\"font-size: 120%; color: #00a859;\"><strong>Produto<\/strong><\/span><\/td>\n<td width=\"539\"><\/td>\n<\/tr>\n<tr>\n<td width=\"539\"><strong>T\u00edtulo<\/strong><\/td>\n<td width=\"539\">NC3FAAV2<\/td>\n<\/tr>\n<tr>\n<td width=\"539\"><strong>Tipo de conex\u00e3o<\/strong><\/td>\n<td width=\"539\">XLR<\/td>\n<\/tr>\n<tr>\n<td width=\"539\"><strong>G\u00eanero<\/strong><\/td>\n<td width=\"539\">f\u00eamea<\/td>\n<\/tr>\n<\/tbody>\n<\/table>\n<p>&nbsp;<\/p>\n<table>\n<tbody>\n<tr>\n<td width=\"539\"><span style=\"color: #00a859; font-size: 120%;\"><strong>El\u00e9trica<\/strong><\/span><\/td>\n<td width=\"539\"><\/td>\n<\/tr>\n<tr>\n<td width=\"539\"><strong>Capacit\u00e2ncia entre contatos<\/strong><\/td>\n<td width=\"539\">\u2264 4 pF<\/td>\n<\/tr>\n<tr>\n<td width=\"539\"><strong>Resist\u00eancia de contato<\/strong><\/td>\n<td width=\"539\">\u2264 6 m\u03a9<\/td>\n<\/tr>\n<tr>\n<td width=\"539\"><strong>Rigidez diel\u00e9trica<\/strong><\/td>\n<td width=\"539\">1,5 kVdc<\/td>\n<\/tr>\n<tr>\n<td width=\"539\"><strong>Resist\u00eancia de isolamento<\/strong><\/td>\n<td width=\"539\">&gt; 10 G\u03a9 (inicial)<\/td>\n<\/tr>\n<tr>\n<td width=\"539\"><strong>Corrente nominal por contato<\/strong><\/td>\n<td width=\"539\">6 A<\/td>\n<\/tr>\n<tr>\n<td width=\"539\"><strong>Tens\u00e3o nominal<\/strong><\/td>\n<td width=\"539\">&lt; 50 V<\/td>\n<\/tr>\n<tr>\n<td width=\"539\"><strong>Op\u00e7\u00f5es de aterramento<\/strong><\/td>\n<td width=\"539\">Contato com o terra separado conectado \u00e0 carca\u00e7a do conector correspondente e ao painel frontal, sem conex\u00e3o ao pino 1<\/td>\n<\/tr>\n<\/tbody>\n<\/table>\n<p>&nbsp;<\/p>\n<table>\n<tbody>\n<tr>\n<td width=\"284\"><span style=\"color: #00a859; font-size: 120%;\"><strong>Mec\u00e2nica<\/strong><\/span><\/td>\n<td width=\"283\"><\/td>\n<\/tr>\n<tr>\n<td width=\"284\"><strong>For\u00e7a de inser\u00e7\u00e3o<\/strong><\/td>\n<td width=\"283\">\u2264 20 N<\/td>\n<\/tr>\n<tr>\n<td width=\"284\"><strong>For\u00e7a de retirada<\/strong><\/td>\n<td width=\"283\">\u2264 20 N<\/td>\n<\/tr>\n<tr>\n<td width=\"284\"><strong>Vida \u00fatil <\/strong><\/td>\n<td width=\"283\">&gt; 1000 ciclos<\/td>\n<\/tr>\n<tr>\n<td width=\"284\"><strong>Tamanho do cabo<\/strong><\/td>\n<td width=\"283\"><\/td>\n<\/tr>\n<tr>\n<td width=\"284\"><strong>Cabeamento<\/strong><\/td>\n<td width=\"283\">PCB montagem vertical<\/td>\n<\/tr>\n<tr>\n<td width=\"284\"><strong>Dispositivo de trava<\/strong><\/td>\n<td width=\"283\">Latch lock<\/td>\n<\/tr>\n<tr>\n<td width=\"284\"><strong>Dire\u00e7\u00e3o de montagem<\/strong><\/td>\n<td width=\"283\">Montagem traseira<\/td>\n<\/tr>\n<tr>\n<td width=\"284\"><strong>Formato de Chassi<\/strong><\/td>\n<td width=\"283\">A<\/td>\n<\/tr>\n<tr>\n<td width=\"284\"><strong>Montagem<\/strong><\/td>\n<td width=\"283\">A-Screw<\/td>\n<\/tr>\n<\/tbody>\n<\/table>\n<p>&nbsp;<\/p>\n<table>\n<tbody>\n<tr>\n<td width=\"274\"><span style=\"color: #00a859; font-size: 120%;\"><strong>Material<\/strong><\/span><\/td>\n<td width=\"293\"><\/td>\n<\/tr>\n<tr>\n<td width=\"274\"><strong>Contatos<\/strong><\/td>\n<td width=\"293\">Bronze (CuSn6)<\/td>\n<\/tr>\n<tr>\n<td width=\"274\"><strong>Elemento de trava<\/strong><\/td>\n<td width=\"293\">A\u00e7o Ck67<\/td>\n<\/tr>\n<tr>\n<td width=\"274\"><strong>Carca\u00e7a<\/strong><\/td>\n<td width=\"293\">Poliamida (PA 6.6 30 % GR)<\/td>\n<\/tr>\n<\/tbody>\n<\/table>\n<p>&nbsp;<\/p>\n<table>\n<tbody>\n<tr>\n<td width=\"274\"><span style=\"color: #00a859; font-size: 120%;\"><strong>Ambiental<\/strong><\/span><\/td>\n<td width=\"293\"><\/td>\n<\/tr>\n<tr>\n<td width=\"274\"><strong>Aprova\u00e7\u00e3o<\/strong><\/td>\n<td width=\"293\">UL<\/td>\n<\/tr>\n<tr>\n<td width=\"274\"><strong>Inflamabilidade<\/strong><\/td>\n<td width=\"293\">UL 94 HB<\/td>\n<\/tr>\n<tr>\n<td width=\"274\"><strong>Padr\u00e3o de conformidade<\/strong><\/td>\n<td width=\"293\">IEC 61076-2-103<\/td>\n<\/tr>\n<tr>\n<td width=\"274\"><strong>Classe de prote\u00e7\u00e3o<\/strong><\/td>\n<td width=\"293\">IP 40<\/td>\n<\/tr>\n<tr>\n<td width=\"274\"><strong>Soldabilidade<\/strong><\/td>\n<td width=\"293\">Cumpre com IEC 68-2-20<\/td>\n<\/tr>\n<tr>\n<td width=\"274\"><strong>Varia\u00e7\u00e3o de temperatura<\/strong><\/td>\n<td width=\"293\">-30 \u00b0C to +80 \u00b0C<\/td>\n<\/tr>\n<\/tbody>\n<\/table>\n<p>&nbsp;<\/p>\n","protected":false},"excerpt":{"rendered":"<p>C\u00f3d:14862 Conector P10 est\u00e9reo macho de cabo\/linha (TRS), com corpo e contato em metal niquelado, ponta integrada em uma s\u00f3 pe\u00e7a (sem parafuso), design inovador com prensa cabo interno para melhor isolamento e anel de metal com rosca interna para melhor fixa\u00e7\u00e3o da bucha de acabamento para o cabo. Caracter\u00edsticas S\u00e9rie mais econ\u00f4mica Design de [&#8230;]\n","protected":false},"featured_media":984,"comment_status":"open","ping_status":"closed","template":"","meta":[],"_links":{"self":[{"href":"https:\/\/site.izzo.com.br\/neutrik\/wp-json\/wp\/v2\/product\/1003"}],"collection":[{"href":"https:\/\/site.izzo.com.br\/neutrik\/wp-json\/wp\/v2\/product"}],"about":[{"href":"https:\/\/site.izzo.com.br\/neutrik\/wp-json\/wp\/v2\/types\/product"}],"replies":[{"embeddable":true,"href":"https:\/\/site.izzo.com.br\/neutrik\/wp-json\/wp\/v2\/comments?post=1003"}],"wp:featuredmedia":[{"embeddable":true,"href":"https:\/\/site.izzo.com.br\/neutrik\/wp-json\/wp\/v2\/media\/984"}],"wp:attachment":[{"href":"https:\/\/site.izzo.com.br\/neutrik\/wp-json\/wp\/v2\/media?parent=1003"}],"curies":[{"name":"wp","href":"https:\/\/api.w.org\/{rel}","templated":true}]}}