{"id":15221,"date":"2020-09-16T15:17:39","date_gmt":"2020-09-16T18:17:39","guid":{"rendered":"https:\/\/izzo.com.br\/rean-conectores\/index.php\/product\/conector-rean-rc3m\/"},"modified":"2020-11-26T15:04:05","modified_gmt":"2020-11-26T18:04:05","slug":"conector-rean-rc3m","status":"publish","type":"product","link":"https:\/\/site.izzo.com.br\/rean-conectores\/produto\/conector-rean-rc3m\/","title":{"rendered":"CONECTOR REAN RC3M"},"content":{"rendered":"<p><strong>C\u00f3d. Izzo: 14920<\/strong><\/p>\n<p>Conector XLR macho de cabo com 3 pinos e corpo em n\u00edquel, contatos banhados a prata.<br \/>\nCom a marca REAN, fornecedora l\u00edder mundial de conectores de \u00e1udio e v\u00eddeo profissionais &#8211; Neutrik AG- atuando no mercado mundial de conectores de \u00e1udio e v\u00eddeo profissional oferecendo uma gama de produtos interessantes. Com custo-benef\u00edcio excelente, design atraente e funcionalidade confi\u00e1vel, fazendo desses os pontos fortes dos conectores REAN.<\/p>\n<p>Caracter\u00edsticas<br \/>\n\u2022 3 pinos<br \/>\n\u2022 Corpo em n\u00edquel<br \/>\n\u2022 Contatos banhados a prata.<br \/>\n\u2022 Dimens\u00f5es (AxLxP): 6,50 x 1,50 x 1,50 cm<br \/>\n\u2022 Peso: 30g<\/p>\n","protected":false},"excerpt":{"rendered":"<p>C\u00f3d. Izzo: 14920 Conector XLR macho de cabo com 3 pinos e corpo em n\u00edquel, contatos banhados a prata. Com a marca REAN, fornecedora l\u00edder mundial de conectores de \u00e1udio e v\u00eddeo profissionais &#8211; Neutrik AG- atuando no mercado mundial de conectores de \u00e1udio e v\u00eddeo profissional oferecendo uma gama de produtos interessantes. Com custo-benef\u00edcio [&#8230;]\n","protected":false},"featured_media":15222,"comment_status":"open","ping_status":"closed","template":"","meta":[],"_links":{"self":[{"href":"https:\/\/site.izzo.com.br\/rean-conectores\/wp-json\/wp\/v2\/product\/15221"}],"collection":[{"href":"https:\/\/site.izzo.com.br\/rean-conectores\/wp-json\/wp\/v2\/product"}],"about":[{"href":"https:\/\/site.izzo.com.br\/rean-conectores\/wp-json\/wp\/v2\/types\/product"}],"replies":[{"embeddable":true,"href":"https:\/\/site.izzo.com.br\/rean-conectores\/wp-json\/wp\/v2\/comments?post=15221"}],"wp:featuredmedia":[{"embeddable":true,"href":"https:\/\/site.izzo.com.br\/rean-conectores\/wp-json\/wp\/v2\/media\/15222"}],"wp:attachment":[{"href":"https:\/\/site.izzo.com.br\/rean-conectores\/wp-json\/wp\/v2\/media?parent=15221"}],"curies":[{"name":"wp","href":"https:\/\/api.w.org\/{rel}","templated":true}]}}