{"id":15236,"date":"2020-09-16T15:17:41","date_gmt":"2020-09-16T18:17:41","guid":{"rendered":"https:\/\/izzo.com.br\/rean-conectores\/index.php\/product\/conector-rean-rp2rc\/"},"modified":"2020-11-26T14:56:04","modified_gmt":"2020-11-26T17:56:04","slug":"conector-rean-rp2rc","status":"publish","type":"product","link":"https:\/\/site.izzo.com.br\/rean-conectores\/produto\/conector-rean-rp2rc\/","title":{"rendered":"CONECTOR REAN RP2RC"},"content":{"rendered":"<p><strong>C\u00f3d. Izzo: 14928<\/strong><\/p>\n<p>Conector P10 macho em L (angulado 90\u00ba) de cabo com 2 p\u00f3los (mono) e corpo em n\u00edque, contatos tamb\u00e9m em n\u00edquel.<br \/>\nCom a marca REAN, fornecedora l\u00edder mundial de conectores de \u00e1udio e v\u00eddeo profissionais &#8211; Neutrik AG- atuando no mercado mundial de conectores de \u00e1udio e v\u00eddeo profissional oferecendo uma gama de produtos interessantes. Com custo-benef\u00edcio excelente, design atraente e funcionalidade confi\u00e1vel, fazendo desses os pontos fortes dos conectores REAN!<br \/>\nA gama de produtos REAN \u00e9 uma solu\u00e7\u00e3o alternativa para aplica\u00e7\u00f5es de menor custo. REAN uma marca da Neutrik AG!<\/p>\n<p>Caracter\u00edsticas<br \/>\n\u2022 Conector P10 macho angulado (90\u00ba) de cabo<br \/>\n\u2022 2 P\u00f3los (mono)<br \/>\n\u2022 Corpo em n\u00edquel<br \/>\n\u2022 Contatos em n\u00edquel<br \/>\n\u2022 Dimens\u00f5es (AxLxP): 5,53 x 4,50 x 1 cm<br \/>\n\u2022 Peso: 20g<\/p>\n","protected":false},"excerpt":{"rendered":"<p>C\u00f3d. Izzo: 14928 Conector P10 macho em L (angulado 90\u00ba) de cabo com 2 p\u00f3los (mono) e corpo em n\u00edque, contatos tamb\u00e9m em n\u00edquel. Com a marca REAN, fornecedora l\u00edder mundial de conectores de \u00e1udio e v\u00eddeo profissionais &#8211; Neutrik AG- atuando no mercado mundial de conectores de \u00e1udio e v\u00eddeo profissional oferecendo uma gama [&#8230;]\n","protected":false},"featured_media":15295,"comment_status":"open","ping_status":"closed","template":"","meta":[],"_links":{"self":[{"href":"https:\/\/site.izzo.com.br\/rean-conectores\/wp-json\/wp\/v2\/product\/15236"}],"collection":[{"href":"https:\/\/site.izzo.com.br\/rean-conectores\/wp-json\/wp\/v2\/product"}],"about":[{"href":"https:\/\/site.izzo.com.br\/rean-conectores\/wp-json\/wp\/v2\/types\/product"}],"replies":[{"embeddable":true,"href":"https:\/\/site.izzo.com.br\/rean-conectores\/wp-json\/wp\/v2\/comments?post=15236"}],"wp:featuredmedia":[{"embeddable":true,"href":"https:\/\/site.izzo.com.br\/rean-conectores\/wp-json\/wp\/v2\/media\/15295"}],"wp:attachment":[{"href":"https:\/\/site.izzo.com.br\/rean-conectores\/wp-json\/wp\/v2\/media?parent=15236"}],"curies":[{"name":"wp","href":"https:\/\/api.w.org\/{rel}","templated":true}]}}