{"id":15238,"date":"2020-09-16T15:17:41","date_gmt":"2020-09-16T18:17:41","guid":{"rendered":"https:\/\/izzo.com.br\/rean-conectores\/index.php\/product\/conector-rean-rt4fc-b\/"},"modified":"2020-11-26T14:55:00","modified_gmt":"2020-11-26T17:55:00","slug":"conector-rean-rt4fc-b","status":"publish","type":"product","link":"https:\/\/site.izzo.com.br\/rean-conectores\/produto\/conector-rean-rt4fc-b\/","title":{"rendered":"CONECTOR REAN RT4FC-B"},"content":{"rendered":"<p><strong>C\u00f3d. Izzo: 14929<\/strong><\/p>\n<p>Conector de cabo f\u00eamea TINY XLR de 4 polos, carca\u00e7a de metal preto, contatos banhados a ouro, embalagem a granel dispon\u00edvel.<\/p>\n<p>Caracter\u00edsticas<br \/>\n\u2022 F\u00e1cil de montar<br \/>\n\u2022 Carca\u00e7a de metal robusta com melhor al\u00edvio de flex\u00e3o<br \/>\n\u2022 Sistema blindado &#8211; alta imunidade a ru\u00eddos e prote\u00e7\u00e3o contra EMI<br \/>\n\u2022 Mecanismo de travamento intuitivo e robusto fornece sistema de travamento seguro<br \/>\n\u2022 Al\u00edvio de tens\u00e3o de tipo de mandril comprovado milh\u00f5es de vezes &#8211; di\u00e2metro de cabo de at\u00e9 4,00 mm<br \/>\n\u2022 Inser\u00e7\u00e3o com chave e al\u00edvio de tens\u00e3o para evitar posicionamento incorreto<\/p>\n","protected":false},"excerpt":{"rendered":"<p>C\u00f3d. Izzo: 14929 Conector de cabo f\u00eamea TINY XLR de 4 polos, carca\u00e7a de metal preto, contatos banhados a ouro, embalagem a granel dispon\u00edvel. Caracter\u00edsticas \u2022 F\u00e1cil de montar \u2022 Carca\u00e7a de metal robusta com melhor al\u00edvio de flex\u00e3o \u2022 Sistema blindado &#8211; alta imunidade a ru\u00eddos e prote\u00e7\u00e3o contra EMI \u2022 Mecanismo de travamento [&#8230;]\n","protected":false},"featured_media":15239,"comment_status":"open","ping_status":"closed","template":"","meta":[],"_links":{"self":[{"href":"https:\/\/site.izzo.com.br\/rean-conectores\/wp-json\/wp\/v2\/product\/15238"}],"collection":[{"href":"https:\/\/site.izzo.com.br\/rean-conectores\/wp-json\/wp\/v2\/product"}],"about":[{"href":"https:\/\/site.izzo.com.br\/rean-conectores\/wp-json\/wp\/v2\/types\/product"}],"replies":[{"embeddable":true,"href":"https:\/\/site.izzo.com.br\/rean-conectores\/wp-json\/wp\/v2\/comments?post=15238"}],"wp:featuredmedia":[{"embeddable":true,"href":"https:\/\/site.izzo.com.br\/rean-conectores\/wp-json\/wp\/v2\/media\/15239"}],"wp:attachment":[{"href":"https:\/\/site.izzo.com.br\/rean-conectores\/wp-json\/wp\/v2\/media?parent=15238"}],"curies":[{"name":"wp","href":"https:\/\/api.w.org\/{rel}","templated":true}]}}