{"id":15258,"date":"2020-09-16T15:17:43","date_gmt":"2020-09-16T18:17:43","guid":{"rendered":"https:\/\/izzo.com.br\/rean-conectores\/index.php\/product\/conector-rean-nys231\/"},"modified":"2020-11-26T14:46:11","modified_gmt":"2020-11-26T17:46:11","slug":"conector-rean-nys231","status":"publish","type":"product","link":"https:\/\/site.izzo.com.br\/rean-conectores\/produto\/conector-rean-nys231\/","title":{"rendered":"CONECTOR REAN NYS231"},"content":{"rendered":"<p><strong>C\u00f3d. Izzo: 14939<\/strong><\/p>\n<p>Conector de 3 polos de 3,5 mm, caixa de metal com al\u00edvio de tens\u00e3o de crimpagem<\/p>\n","protected":false},"excerpt":{"rendered":"<p>C\u00f3d. Izzo: 14939 Conector de 3 polos de 3,5 mm, caixa de metal com al\u00edvio de tens\u00e3o de crimpagem<\/p>\n","protected":false},"featured_media":15259,"comment_status":"open","ping_status":"closed","template":"","meta":[],"_links":{"self":[{"href":"https:\/\/site.izzo.com.br\/rean-conectores\/wp-json\/wp\/v2\/product\/15258"}],"collection":[{"href":"https:\/\/site.izzo.com.br\/rean-conectores\/wp-json\/wp\/v2\/product"}],"about":[{"href":"https:\/\/site.izzo.com.br\/rean-conectores\/wp-json\/wp\/v2\/types\/product"}],"replies":[{"embeddable":true,"href":"https:\/\/site.izzo.com.br\/rean-conectores\/wp-json\/wp\/v2\/comments?post=15258"}],"wp:featuredmedia":[{"embeddable":true,"href":"https:\/\/site.izzo.com.br\/rean-conectores\/wp-json\/wp\/v2\/media\/15259"}],"wp:attachment":[{"href":"https:\/\/site.izzo.com.br\/rean-conectores\/wp-json\/wp\/v2\/media?parent=15258"}],"curies":[{"name":"wp","href":"https:\/\/api.w.org\/{rel}","templated":true}]}}